 a(-4). What is k(u)?
-4
Let t(j) = j**3 - 5*j**2 + 2*j + 2. Let c(u) = u**2 - 7*u - 2. Suppose -y - 20 = -5*y. Let q be c(y). Let n be q/(2 + -4) + -2. Give t(n).
-6
Let j(f) = -3*f**2 + 2 - 1 + 19*f - f**3 - 3*f**3 - 21*f. Give j(-2).
25
Let w(l) = l + 5. Let u(m) = -6 - m**3 + 9*m + 14*m**2 - 9*m. Let y be u(14). Determine w(y).
-1
Let r(c) be the second derivative of -c**7/140 - c**6/360 - c**5/120 + c**4/24 + c**3/6 + c. Let o(l) be the second derivative of r(l). Calculate o(1).
-7
Let m(f) be the third derivative of f**6/120 - f**5/20 - 7*f**4/24 + f**3 - 2*f**2. Suppose -4*p + 25 = 9. Give m(p).
-6
Let m(s) be the second derivative of -s**3/3 + s**2/2 - 3*s. Suppose 0 = 4*z + 4*r, 3*r + 1 = -5*z + 7. What is m(z)?
-5
Let t(x) be the second derivative of -x**3/2 - 3*x**2/2 + x. Give t(-2).
3
Let j(z) = -4*z + 1. Suppose 2*d - 2 = 6. Let m be 12/d - (-4)/(-4). Calculate j(m).
-7
Let f(q) = -q**3 - 3*q**2 + 2*q + 2. Let d = 12 - 15. Determine f(d).
-4
Suppose 3*c + 4*p = -2*c + 9, c + 3*p + 7 = 0. Let u(y) = -c*y + 3*y + 7*y - 4*y. Give u(0).
0
Let d(j) be the first derivative of -j**3/3 + j**2/2 - 4*j + 4. What is d(-3)?
-16
Suppose 3*j - 2 + 11 = 0. Let o = j + 4. Let g(r) = 6*r**3 + r**2 - r - 4. Let a(h) = -7*h**3 - h**2 + h + 5. Let l(d) = -4*a(d) - 5*g(d). Determine l(o).
-2
Let k(z) = 10*z + 1. Let r(x) = 21*x + 2. Let q(d) = 9*k(d) - 4*r(d). Suppose -4*u + f + 2*f = -7, -u - 2 = 3*f. Determine q(u).
7
Suppose -4*o - 328 = -8*o. Let a(b) = -6*b + b**2 + 82 - o. What is a(6)?
0
Let q(j) = j - 6. Let f(c) = -2*c + 11. Let l(y) = 4*f(y) + 7*q(y). What is l(0)?
2
Let b(g) be the first derivative of g**4/4 + 5*g**3/3 - g**2/2 - 7*g + 22. What is b(-5)?
-2
Let c(g) = -3*g - 209 + 8*g + 212 - g. What is c(-3)?
-9
Let b = 16 - 18. Let z(a) = 2*a**3 - 5*a**2 + 2*a + 1. Let n be z(3). Let k be n/b + 2 + 1. Let h(v) = -v**3 - 4*v**2 + 7*v + 6. Determine h(k).
-4
Let z = -61 - -63. Let w(c) be the second derivative of 0*c**z + 0 - 2/3*c**3 - c. Determine w(-2).
8
Let r(i) be the first derivative of i**3/3 + 4*i**2 + 7*i - 7. Let h = -4 - -5. Let g be 3*-3 - (-4 + h). Give r(g).
-5
Let w(t) = t**2 + t + 1. Let p(k) = -k**2 + k - 8. Let f be p(0). Let s = f - -7. What is w(s)?
1
Let c = 9 + -13. Let p(s) = -2*s - 6. Let o(x) = 6*x + 18. Let t(q) = -3*o(q) - 8*p(q). Determine t(c).
2
Let a(v) be the third derivative of v**5/60 - 5*v**3/2 + 6*v**2. Give a(0).
-15
Let b(i) = -i**3 + 7*i**2 + 10*i - 7. Let c be b(8). Let g(o) = -2 - 3 + c*o - 11*o. What is g(-6)?
7
Let y(w) be the first derivative of -w**3/3 + 3*w**2 + 8*w + 6. What is y(7)?
1
Let q(i) = i**3 + 6*i**2 + i + 6. Let f be q(-6). Let a(p) = -p**3 + p**2 + p - 2. Calculate a(f).
-2
Suppose -4*b + 5 = -7. Let w(d) = -d + d**2 + 0*d + 7*d + b. Let l(z) = z**3 - 9*z**2 - 2*z + 13. Let o be l(9). Calculate w(o).
-2
Let z(l) = -l**2 + 8*l - 13. Let y be z(7). Let m(a) = a**2 + 8*a + 5. Let g(k) = k + 1. Let c(v) = -2*g(v) + m(v). Determine c(y).
3
Let g(w) = w**2 - 7*w. Let a = 7 - 10. Let y = a - -9. Calculate g(y).
-6
Suppose 2*t + 77 = 67. Let v(r) = r. Calculate v(t).
-5
Let r be (64/(-24))/(2/(-3)). Let s(a) be the first derivative of a**3/3 - 5*a**2/2 + 3*a + 1. Calculate s(r).
-1
Let z(y) = 1 - 2*y + y + 0*y - 2. Let x be z(-5). Let f(d) = d**3 - 4*d**2 + d - 5. Give f(x).
-1
Let p(w) = w - 2. Let l be p(7). Let j(h) = l*h + 0*h - h**2 - 2*h. Give j(4).
-4
Let i(s) = 0*s**2 - 33 - 10*s + 4*s + 28 - s**2. Give i(-7).
-12
Let k(x) = x**3 - 2*x**2 + 3*x - 3. Let s be k(3). Let o be (s/(-12))/(3/(-12)). Let y(j) = -6*j**3 - j + o*j**3 - 1 + 0. What is y(-2)?
9
Let u(m) be the second derivative of m**3 - 3*m**2/2 - 2*m. Calculate u(2).
9
Let o(h) be the third derivative of h**4/12 + h**3/2 + h**2. Let u = -5 + 2. Let z = -6 - u. Calculate o(z).
-3
Let z = 3 + 1. Let i(r) = r**3 - 4*r**2 - 2*r + 1. Give i(z).
-7
Let w(y) = y**3 - 4*y**2 - 2*y - 4. Suppose -3*j = -6*j + 15. Let u = j + -2. Suppose 7 = u*r - 8. Calculate w(r).
11
Suppose 5*l = -l + 7*l. Let o(f) = -f + 7. Determine o(l).
7
Let u be (-10)/(-4)*(-16)/(-20). Let h(v) = 2*v**2 - 3 - v**3 + 2*v + 5*v - u*v - 3*v. Calculate h(3).
-6
Let h(g) = -g**3 - 5*g**2 - g - 4. Let j be h(-5). Let t(o) = -o**2. Let a(c) = -3*c**2. Let b(l) = 3*a(l) - 8*t(l). Give b(j).
-1
Let a(z) = z - 3. Let n be a(6). Let k = n + -1. Let u(q) = k + q - q**2 + 5*q - 3*q. What is u(4)?
-2
Let b(j) = -j + 9. Suppose 15 = -2*d - 3*f, -3*f + 0*f - 15 = -4*d. Suppose -s + 6 = -d. What is b(s)?
3
Let w(j) = -9*j**2 + 3 + 7 - 4 + 3*j**2 + j**3 + 4*j. What is w(5)?
1
Let n(a) = 4*a**2 - 2*a - 1. Let v = -7 - -7. Let j(m) = v - 2*m + 4 - 5 + 0*m + 3*m**2. Let z(w) = 3*j(w) - 2*n(w). What is z(-2)?
7
Let p(z) = -2*z**2 - 13*z + 9. Suppose -2*k + k = 9. Let s(i) = -i**2 - 6*i + 4. Let b(l) = k*s(l) + 4*p(l). Calculate b(-3).
3
Let d(x) = x**3 - 2*x**2 + 2. Let m(s) = -s + 1. Let v be m(-1). Give d(v).
2
Let w be 2/((-8)/2 + 2). Let f be w + 0 - (-9 + -2). Let k be (-4)/f + (-16)/10. Let c(u) = -u**3 - 2*u**2 + 2. Calculate c(k).
2
Suppose -d = 2*d - 42. Let l = -9 + d. Let w(v) = -v + 11. Give w(l).
6
Let p(w) = -9*w - 1. Let c(y) = -14*y - 1. Let u(l) = 5*c(l) - 8*p(l). Let g = -22 + 16. Let a = 4 + g. What is u(a)?
-1
Let q be (120/50)/((-3)/(-10)). Let o(f) = -f**3 + 7*f**2 + 9*f + 1. What is o(q)?
9
Let z(k) = -11*k + 6. Let t(u) = -6*u + 3. Let v be (-4)/(-14) + 99/21. Let q(r) = v*t(r) - 3*z(r). Calculate q(-3).
-12
Let f(h) be the second derivative of 0 + 3*h + 1/6*h**3 + 1/2*h**2. What is f(-1)?
0
Let x(f) be the second derivative of f**5/20 + f**4/2 + f**3/3 + 5*f**2/2 + f. Determine x(-6).
-7
Let x = -6 - -2. Let m(n) = n**2 + 4*n + 4. Let z(r) = r**2 - 6*r - 7. Let s be z(8). Let v(u) = -2*u**2 - 8*u - 9. Let b(t) = s*m(t) + 4*v(t). Determine b(x).
0
Let m(l) = -l**2 - l - 2. Let d be m(-2). Suppose 5*y = y - 24. Let u = y - d. Let g(x) = -x**3 - 2*x**2 + 2*x + 3. Determine g(u).
-1
Let x = -12 + 5. Let i be (-2)/x - (-60)/(-14). Let h(a) be the first derivative of a**3/3 + 2*a**2 + 6*a + 3. Determine h(i).
6
Let l(g) = -5*g + 3. Let j(a) = 2*a + 9. Let f be j(-6). Give l(f).
18
Let a(p) be the third derivative of -p**4/12 + 3*p**3/2 + 13*p**2. Determine a(6).
-3
Let t = -6 - -8. Let f(u) = u + t*u - 5*u + 1. Give f(3).
-5
Let k = -77 - -155/2. Let b(u) be the first derivative of 1 + 1/4*u**4 - 5*u + k*u**2 + 0*u**3. Calculate b(0).
-5
Suppose -3*g = -5*i + 7 + 3, 5*i = g + 10. Suppose 4*k + 19 - 119 = g. Let q(a) = -2 + k*a - 24*a - 4. Determine q(4).
-2
Let z = 11/6 - 19/12. Let f(k) be the first derivative of 0*k - 1/2*k**2 - z*k**4 - 1 - 5/3*k**3. Give f(-5).
5
Let b(i) be the first derivative of i**2 + 5*i + 39. Let v = 2 + -1. Let c = -3 - v. Calculate b(c).
-3
Let s(b) = -b**3 - 3*b**2 + 2*b + 6. Suppose 5*q = 8*q + 12. Give s(q).
14
Let h be (-1 - -6)/(1*(2 + -3)). Let g(x) = -x**3 - 3*x**2 + 8*x + 7. Give g(h).
17
Let k(m) be the third derivative of -m**4/6 - m**3/2 - m**2. Suppose x - 5*f - 17 = 0, 0 = 4*f - f + 12. What is k(x)?
9
Let j be 5/((-21)/6 + 3). Let y(r) = -7*r**3 + r**2 - r + 1. Let i be y(1). Let w = j - i. Let d(n) = -2*n**2 - 7*n - 5. Determine d(w).
-9
Let l(h) be the third derivative of -h**6/120 - h**5/60 + h**3/2 - 2*h**2. Suppose j + 9 = -2*u + 3, -j + 2*u = -6. What is l(j)?
3
Let z(s) be the second derivative of -2*s + 1/20*s**5 - 5*s**2 + 1/12*s**4 - 1/6*s**3 + 0. Calculate z(0).
-10
Let q(l) = l**2 - 4*l. Suppose 30 = 4*w + 3*t + 3, 2*w = -3*t + 21. What is q(w)?
-3
Let i(g) = -g**2 - g - 2. Let z(l) = -l + 5. Let j be z(0). Suppose -a - j*h - 2 = 0, -2 + 4 = -a + 2*h. Give i(a).
-4
Let o(r) = r**3 - r**2 - r + 3. Let g be o(0). Let x(d) = d**3 - 5*d**2 + 4*d - 4. What is x(g)?
-10
Let t(u) = u - 6. Let g be t(5). Let x = 8 + g. Let k(j) = -j + 1. What is k(x)?
-6
Let u(a) be the second derivative of -1/2*a**2 + a - 1/12*a**4 + 1/3*a**3 + 0. Determine u(1).
0
Let o(v) be the first derivative of 0*v**3 - 1/2*v**4 + v**2 - v - 1. What is o(1)?
-1
Suppose -2*s = -h + 3, 0 = 4*h - 4*s - 0*s. Let z(l) = l - 2. Calculate z(h).
-5
Let h(r) be the second derivative of r**4/12 - 5*r**3/6 + r**2 - r. What is h(5)?
2
Suppose 0 = 4*s - 67 + 63. Let h(r) = -r**3 + 3*r**2 - 1. Give h(s).
1
Let h(q) = q**2 + 2*q - 1. Let w(u) = -u**3 